atest common factor of 41987340 and 2052.
684
What is the greatest common divisor of 18291 and 1750567?
91
What is the highest common divisor of 553656 and 706584?
1416
Calculate the highest common factor of 42985791 and 2388.
597
Calculate the highest common divisor of 8243507 and 2547.
283
Calculate the highest common divisor of 11576819 and 777.
37
What is the greatest common factor of 2367 and 42084?
9
What is the greatest common divisor of 2538 and 6874173?
1269
Calculate the highest common factor of 82064 and 8878.
46
What is the greatest common divisor of 42959 and 407379?
133
What is the greatest common divisor of 708354549 and 126?
63
What is the greatest common factor of 9561077 and 82?
41
Calculate the highest common divisor of 3105 and 9260490.
345
What is the greatest common factor of 8154900 and 18?
18
Calculate the highest common factor of 4017930 and 2862.
318
Calculate the greatest common factor of 23608 and 168376.
104
What is the greatest common factor of 3051 and 1787922?
9
Calculate the greatest common factor of 1104 and 351192.
24
What is the highest common divisor of 24 and 20910012?
12
Calculate the highest common factor of 9730 and 1095290.
70
Calculate the greatest common divisor of 733 and 19187741.
733
Calculate the highest common divisor of 57638951 and 19.
19
What is the highest common divisor of 1528 and 304699244?
764
Calculate the highest common divisor of 24123 and 4947459.
561
What is the greatest common divisor of 1217792 and 2752?
64
Calculate the highest common divisor of 27162 and 149958.
54
Calculate the highest common divisor of 5506312142 and 202.
202
What is the highest common divisor of 5714787 and 65067?
1587
Calculate the highest common divisor of 157930 and 80036.
34
Calculate the greatest common factor of 2697 and 893925.
87
Calculate the highest common factor of 75000 and 29886.
6
What is the highest common factor of 4550 and 92798475?
175
Calculate the greatest common factor of 5488 and 1790362.
98
What is the highest common factor of 4515 and 3157?
7
Calculate the highest common factor of 4743 and 3249006.
51
What is the highest common factor of 16087621 and 902?
451
What is the highest common divisor of 442 and 9796488?
442
Calculate the highest common divisor of 156408468 and 12.
12
Calculate the greatest common factor of 68476 and 3392.
212
Calculate the greatest common factor of 9636 and 3516876.
132
What is the highest common factor of 20008 and 52416368?
328
What is the highest common divisor of 329 and 981219?
47
Calculate the greatest common divisor of 47107 and 489277.
289
Calculate the greatest common divisor of 36216 and 1646568.
72
What is the highest common factor of 36640 and 93920?
160
Calculate the greatest common factor of 48028085 and 980.
245
Calculate the greatest common factor of 1627776 and 21389184.
10368
What is the highest common divisor of 1647316 and 74008?
1276
What is the greatest common divisor of 10 and 37022105?
5
What is the highest common divisor of 15705875 and 17?
17
What is the greatest common factor of 112 and 21585132?
4
What is the greatest common factor of 596385 and 14031?
9
What is the greatest common factor of 5715 and 29097351?
1143
Calculate the highest common divisor of 744 and 28938624.
744
What is the greatest common divisor of 993504122 and 39?
13
Calculate the highest common divisor of 283960 and 776310.
2290
What is the highest common factor of 1043489772 and 1170?
234
What is the greatest common divisor of 67986 and 149654812?
2518
Calculate the greatest common divisor of 29750 and 172750.
250
What is the highest common factor of 2773111734 and 54?
54
What is the highest common factor of 28626 and 38306359?
4771
What is the greatest common divisor of 52727853 and 22269?
1713
Calculate the greatest common factor of 456758258 and 88.
22
What is the highest common divisor of 4137614280 and 15240?
15240
Calculate the greatest common divisor of 304753 and 5002.
41
Calculate the highest common factor of 6073361 and 189.
7
What is the greatest common factor of 17118504 and 128232?
936
What is the greatest common factor of 745752 and 510099?
579
Calculate the highest common factor of 1018354 and 56522.
958
What is the highest common factor of 433268 and 2282214?
5038
What is the greatest common factor of 98307026 and 568?
142
What is the greatest common divisor of 64 and 345892?
4
Calculate the highest common divisor of 3040 and 6845.
5
What is the highest common divisor of 422 and 1711808818?
422
Calculate the highest common divisor of 2061900 and 111012.
348
Calculate the greatest common factor of 8352 and 19956408.
696
Calculate the greatest common divisor of 492 and 10528062.
246
What is the highest common factor of 60305 and 33581270?
8615
What is the highest common factor of 72381168 and 2620?
524
Calculate the highest common factor of 88560 and 153040.
80
Calculate the highest common factor of 20707868 and 30534.
1454
What is the greatest common divisor of 1092 and 3115728?
84
What is the greatest common divisor of 42832193 and 388?
97
What is the highest common factor of 45564 and 1476?
12
Calculate the greatest common divisor of 30 and 1372620.
30
What is the greatest common factor of 3100088 and 1385008?
6472
What is the highest common divisor of 15941133 and 42237?
2223
What is the greatest common factor of 110823240 and 295?
295
Calculate the highest common divisor of 1484472 and 3520.
88
What is the highest common divisor of 134939880 and 140760?
6120
Calculate the greatest common divisor of 106254193 and 3497.
269
Calculate the greatest common factor of 20631 and 3733314.
897
Calculate the greatest common factor of 96758504 and 8.
8
Calculate the highest common divisor of 3066070 and 7000.
70
Calculate the highest common factor of 21765 and 44640.
15
Calculate the greatest common divisor of 4105272 and 24.
24
Calculate the greatest common divisor of 193 and 184967533.
193
What is the highest common factor of 163326 and 217434?
1002
What is the highest common divisor of 31 and 37136791?
31
What is the highest common factor of 115 and 3271405?
115
Calculate the greatest common factor of 24 and 8823102.
6
What is the greatest common factor of 4035 and 889590?
15
Calculate the greatest common divisor of 884 and 3854747.
13
What is the greatest common factor of 12594 and 977907308?
4198
Calculate the greatest common divisor of 69112 and 208640.
1304
Calculate the greatest common divisor of 88360 and 2017334.
94
What is the greatest common divisor of 1290 and 2356470?
30
What is the greatest common divisor of 1511160 and 1152480?
5880
What is the greatest common divisor of 702 and 4305600?
234
Calculate the highest common divisor of 40 and 16786495.
5
Calculate the highest common divisor of 481778 and 18007.
11
Calculate the greatest common divisor of 155 and 2997421.
31
Calculate the greatest common divisor of 5385 and 52416513.
1077
Calculate the highest common divisor of 428 and 11563811.
107
Calculate the highest common divisor of 1312924 and 8570.
1714
What is the greatest common divisor of 66 and 8908746?
66
What is the highest common factor of 30 and 244950010?
10
Calculate the greatest common divisor of 375921 and 326417.
1547
Calculate the greatest common factor of 9 and 26963919.
9
What is the greatest common factor of 645 and 4042473?
129
What is the highest common divisor of 1765 and 14555249?
353
Calculate the highest common factor of 1312978 and 8883078.
2482
What is the greatest common factor of 21990 and 7524978?
4398
What is the greatest common factor of 603379 and 56?
7
What is the highest common divisor of 29 and 805948889?
29
Calculate the highest common divisor of 7926 and 402801962.
2642
Calculate the greatest common factor of 487377 and 22275.
891
Calculate the greatest common factor of 107604734 and 424.
106
Calculate the highest common factor of 165938152 and 15027.
5009
Calculate the highest common factor of 46805920 and 80.
80
What is the highest common divisor of 28 and 3222920?
4
Calculate the highest common divisor of 56091034 and 369.
41
Calculate the highest common factor of 29 and 64319.
1
Calculate the greatest common factor of 78 and 593671.
13
Calculate the greatest common factor of 118492 and 9636.
4